est common factor of 208 and 52.
52
Calculate the greatest common divisor of 5632 and 66.
22
Calculate the greatest common factor of 6100 and 200.
100
Calculate the highest common factor of 13 and 1053.
13
Calculate the greatest common factor of 72 and 7902.
18
Calculate the highest common factor of 5372 and 612.
68
What is the highest common factor of 611 and 13?
13
What is the highest common divisor of 19662 and 87?
87
What is the greatest common divisor of 3380 and 780?
260
Calculate the greatest common factor of 4 and 25.
1
What is the highest common divisor of 559 and 39?
13
What is the highest common factor of 306 and 54?
18
What is the greatest common factor of 1520 and 1040?
80
Calculate the greatest common divisor of 693 and 3.
3
What is the greatest common divisor of 13209 and 37?
37
Calculate the greatest common factor of 96 and 352.
32
What is the greatest common factor of 3276 and 336?
84
Calculate the greatest common factor of 880 and 165.
55
What is the highest common factor of 1240 and 40?
40
Calculate the highest common factor of 128 and 48.
16
What is the greatest common divisor of 705 and 15?
15
What is the highest common divisor of 246 and 78?
6
What is the highest common factor of 73 and 2774?
73
What is the greatest common divisor of 208 and 64?
16
What is the greatest common divisor of 118 and 413?
59
What is the greatest common divisor of 50 and 130?
10
Calculate the highest common factor of 69 and 115.
23
Calculate the greatest common factor of 5 and 4.
1
Calculate the highest common divisor of 8 and 5576.
8
What is the greatest common factor of 1524 and 108?
12
What is the greatest common divisor of 1494 and 36?
18
Calculate the greatest common factor of 54 and 6.
6
What is the greatest common factor of 25 and 2825?
25
Calculate the greatest common divisor of 16324 and 2.
2
What is the highest common factor of 6092 and 4?
4
What is the highest common factor of 1491 and 168?
21
What is the greatest common divisor of 96 and 28608?
96
What is the greatest common factor of 1 and 3?
1
What is the greatest common divisor of 212 and 6572?
212
What is the highest common factor of 153 and 63?
9
Calculate the greatest common divisor of 32151 and 21.
21
Calculate the greatest common factor of 1408 and 396.
44
Calculate the greatest common divisor of 2500 and 800.
100
What is the greatest common divisor of 399 and 76?
19
What is the greatest common divisor of 138 and 299?
23
What is the greatest common divisor of 1365 and 420?
105
Calculate the highest common divisor of 4607 and 17.
17
Calculate the highest common divisor of 42888 and 24.
24
Calculate the greatest common divisor of 1274 and 4186.
182
Calculate the highest common divisor of 1565 and 25.
5
Calculate the highest common factor of 100 and 17175.
25
Calculate the highest common factor of 252 and 3360.
84
Calculate the greatest common divisor of 4 and 7188.
4
Calculate the highest common divisor of 28 and 203.
7
What is the highest common divisor of 39 and 143?
13
Calculate the highest common factor of 252 and 3339.
63
What is the highest common factor of 4514 and 305?
61
What is the highest common factor of 10454 and 4?
2
Calculate the highest common divisor of 70 and 30.
10
What is the greatest common divisor of 145 and 87?
29
Calculate the highest common divisor of 90 and 162.
18
Calculate the greatest common divisor of 321 and 3.
3
What is the greatest common divisor of 25 and 3075?
25
Calculate the highest common divisor of 66 and 2750.
22
Calculate the highest common divisor of 55 and 176.
11
Calculate the highest common divisor of 270 and 50.
10
What is the highest common factor of 36 and 1284?
12
What is the greatest common divisor of 126 and 126?
126
What is the greatest common factor of 63 and 927?
9
Calculate the greatest common factor of 16 and 628.
4
Calculate the greatest common factor of 19278 and 17.
17
What is the greatest common factor of 4 and 196?
4
What is the highest common factor of 12 and 2904?
12
What is the highest common factor of 637 and 14?
7
Calculate the greatest common divisor of 1788 and 12.
12
Calculate the greatest common divisor of 1406 and 222.
74
What is the greatest common factor of 605 and 5?
5
Calculate the highest common factor of 160 and 104.
8
Calculate the highest common factor of 22 and 418.
22
Calculate the greatest common divisor of 47 and 6.
1
What is the greatest common factor of 220 and 55?
55
What is the greatest common divisor of 1017 and 18?
9
Calculate the highest common divisor of 596 and 8.
4
What is the highest common divisor of 224 and 434?
14
What is the highest common divisor of 8 and 152?
8
Calculate the highest common divisor of 29049 and 69.
69
Calculate the highest common divisor of 63 and 840.
21
Calculate the highest common divisor of 17 and 1.
1
Calculate the highest common factor of 73 and 584.
73
Calculate the highest common divisor of 68 and 51.
17
Calculate the highest common divisor of 253 and 11.
11
What is the highest common factor of 224 and 14?
14
What is the greatest common divisor of 520 and 3770?
130
What is the highest common factor of 7 and 49?
7
Calculate the highest common divisor of 58 and 4002.
58
What is the greatest common factor of 160 and 96?
32
Calculate the greatest common divisor of 111 and 74.
37
What is the highest common divisor of 616 and 198?
22
Calculate the greatest common divisor of 1024 and 16.
16
What is the greatest common factor of 28 and 8498?
14
What is the greatest common divisor of 3616 and 565?
113
Calculate the greatest common factor of 13 and 2249.
13
Calculate the greatest common divisor of 87 and 551.
29
Calculate the highest common factor of 18 and 342.
18
Calculate the highest common divisor of 2 and 18.
2
What is the greatest common factor of 9 and 279?
9
Calculate the greatest common divisor of 60 and 140.
20
What is the highest common divisor of 16 and 1184?
16
Calculate the highest common divisor of 242 and 176.
22
What is the greatest common divisor of 426 and 10437?
213
What is the greatest common factor of 82 and 7339?
41
What is the greatest common factor of 980 and 140?
140
What is the highest common divisor of 176 and 44?
44
Calculate the highest common factor of 30 and 570.
30
What is the greatest common factor of 4692 and 96?
12
Calculate the highest common factor of 466 and 4.
2
Calculate the greatest common divisor of 5 and 4835.
5
Calculate the greatest common divisor of 140 and 910.
70
What is the highest common factor of 3120 and 234?
78
Calculate the greatest common divisor of 18 and 118.
2
What is the highest common divisor of 1053 and 12798?
81
Calculate the greatest common divisor of 2 and 116.
2
Calculate the highest common factor of 1449 and 805.
161
Calculate the greatest common divisor of 188 and 12643.
47
What is the highest common divisor of 1056 and 12?
12
What is the greatest common factor of 55 and 265?
5
Calculate the highest common factor of 188 and 47.
47
Calculate the greatest common factor of 640 and 384.
128
What is the greatest common factor of 20 and 220?
20
Calculate the highest common divisor of 8 and 76.
4
What is the highest common factor of 1098 and 610?
122
Calculate the greatest common factor of 4 and 148.
4
What is the greatest common factor of 23 and 23?
23
What is the highest common divisor of 58 and 4?
2
What is the highest common divisor of 221 and 816?
17
What is the greatest common divisor of 130 and 702?
26
What is the highest common divisor of 231 and 21?
21
Calculate the highest common divisor of 10 and 118.
2
What is the greatest common factor of 18 and 279?
9
Calculate the greatest common divisor of 72 and 120.
24
Calculate the highest common divisor of 39127 and 33.
11
What is the highest common divisor of 103 and 12875?
103
What is the highest common factor of 18 and 153?
9
What is the highest common divisor of 168 and 21?
21
What is the greatest common divisor of 2173 and 123?
41
What is the greatest common factor of 23 and 437?
23
What is the greatest common factor of 5886 and 162?
54
What is the highest common divisor of 221 and 52?
13
What is the highest common divisor of 13662 and 297?
297
Calculate the highest common factor of 6150 and 164.
82
Calculate the greatest common factor of 90 a